highest common divisor of r and 26.
13
Let z(j) = j**3 + 8*j**2 + j + 5. Let c be z(-4). What is the highest common factor of 13 and c?
13
Suppose 4*j - 2*c + 0*c - 82 = 0, -2*j - c + 39 = 0. Calculate the highest common divisor of j and 60.
20
Let h = 5 - 7. Let b be (-4)/3*3/h. Let u be (-1)/b*-1*6. What is the highest common factor of u and 21?
3
Suppose 2 = 2*s - 2. Suppose 0*j + s*j = -4. Let k be 340/14 - j/(-7). What is the highest common factor of k and 36?
12
Let w(q) be the third derivative of q**6/120 - q**5/6 + 3*q**4/8 + q**3/3 - 4*q**2. Let b be w(9). What is the highest common divisor of 8 and b?
2
Let k = 50 - 45. Calculate the highest common factor of k and 55.
5
Let d = 100 - 44. What is the greatest common factor of d and 14?
14
Let l be 72/15*(-40)/(-6). Calculate the highest common factor of l and 64.
32
Let i be (-2 - -3) + (0 - -1). Suppose -2*x - x = -192. Suppose 2*o + x = 4*j + 4*o, i*j - 32 = 3*o. What is the highest common factor of 40 and j?
8
Let a(v) = -2*v**3 - 8*v**2 + 4*v + 6. Let m be a(-6). Let z be ((-6)/(-21))/((-2)/(-98)). What is the greatest common divisor of z and m?
14
Let p = 169 - 141. Calculate the greatest common factor of 196 and p.
28
Suppose -4*t + 171 = -189. Suppose 3*v + 0*v = t. Calculate the greatest common divisor of 45 and v.
15
Suppose 5*n = -3*u - 4, -3*n = 1 + 14. Let o = -190 - -191. Calculate the greatest common divisor of o and u.
1
Let a(s) = -s**2 + 12*s + 51. Let f be a(15). Let c be 1*-2*-1*90. Suppose 5*d - c = -60. Calculate the greatest common factor of d and f.
6
Suppose -i + 1 = 0, 4*n - i = 6*n - 71. Calculate the greatest common factor of n and 105.
35
Suppose 132 = 2*z - z. Suppose 0 = 4*v - 0*v - z. Suppose 6*d - v = 3*d. What is the highest common factor of 11 and d?
11
Suppose -2*j - 4*k + 0*k - 10 = 0, -j - 1 = k. Let t(q) = 6*q + 6. Let d be t(3). Calculate the highest common factor of j and d.
3
Let a be (-1)/(-1)*1 - -19. Let h = 47 - a. Suppose 0 = 3*d - 22 - 5. Calculate the highest common factor of d and h.
9
Let h = -27 - -33. Calculate the greatest common factor of h and 2.
2
Let x(h) = -2*h**2 - 45*h + 17. Let j be x(-20). What is the greatest common divisor of 9 and j?
9
Let z = -2 - -13. Suppose p = -0*p + 55. What is the highest common divisor of p and z?
11
Let w(z) = z**2 + 3*z + 6. Let s = 25 - 22. Let u be w(s). What is the highest common divisor of 8 and u?
8
Let r(g) = -g**2 + g + 4. Let w be r(6). Let v = w + 78. Let k(u) = u**2 + 6*u - 14. Let x be k(-9). Calculate the highest common divisor of v and x.
13
Suppose -3*u - 2*m = 13 + 5, -2*u - 4*m = 4. Let y = u + 15. What is the greatest common factor of y and 7?
7
Let j(y) = y - 3. Let g be j(4). Let h be ((-8)/(-3))/(g/3). Let v be 1234/h - (-1)/(-4). What is the highest common factor of 14 and v?
14
Let z be 10*2 + (7 - 10). Let a be 4/(-4) + -1 + z. Calculate the greatest common factor of 75 and a.
15
Let i be -2 + -41 + -1*2. Suppose -2*o + o = 3*s - 299, -4*s + 406 = 5*o. Let z = s + i. What is the highest common divisor of z and 6?
6
Suppose 10*i - 5*i = 125. Let f = 78 + -33. Let n = f - i. What is the highest common factor of n and 30?
10
Let u be (-4)/(-12) + (-53)/(-3). Let w = 27 - u. What is the greatest common factor of w and 72?
9
Suppose -4*s - s - 5*f = -35, -2*s + 24 = 4*f. Suppose -s*k = -5*k + 30. Calculate the highest common factor of k and 40.
10
Let f = -14 + 130. Let r = -61 + f. Suppose -p = -s + p + 7, -3*s + 4*p + 25 = 0. What is the highest common divisor of r and s?
11
Let p be (-5)/(-8)*54*4. Let i be 4/(-3) - 8/12. Let j be (-4)/(-2) + (-26)/i. Calculate the greatest common divisor of p and j.
15
Let g = 14 - 10. Suppose -2*z = -g*z + 48. Calculate the highest common factor of z and 216.
24
Let u = -99 + 189. Let r be 0 + 0 - (0 - 15). Let i be 144/r - (-4)/10. What is the highest common factor of i and u?
10
Let r = 212 - 113. Suppose -3*y = -3*a + 45, -r = -5*a - 0*a - 3*y. Calculate the highest common factor of a and 36.
18
Let q = -46 - -25. Let v = q + 33. Calculate the highest common factor of 2 and v.
2
Let i = -413 + 721. What is the highest common divisor of 28 and i?
28
Let u(b) = b**3 + 4*b**2 + b - 2. Let j be u(-3). Suppose -2*f + 16 = g - 39, j*f - 5*g = 145. Calculate the greatest common divisor of f and 75.
15
Suppose -3*q + 135 = -0*q. Suppose -q = -j - o - 0*o, -4*j + 4*o + 212 = 0. Let a(f) = f. Let t be a(7). Calculate the highest common divisor of j and t.
7
Let v be (-38)/(-4) + 5/10. Suppose -5*f + 62 = 3*b, -3*b + 5*b + 2 = f. Calculate the greatest common divisor of f and v.
10
Let w be (-20)/50 - 244/(-10). What is the greatest common divisor of 72 and w?
24
Suppose 3*p + 4 = 16. Suppose 2*o - p*n - 20 = -n, -5*o + 88 = 2*n. Calculate the greatest common factor of 8 and o.
8
Let k = 2 + -2. Suppose 2*i - 10 - 8 = k. Let b be (-30)/60*(-3 + 1). What is the highest common divisor of b and i?
1
Suppose -4*v = -2*i + 72, 0 = 2*i - 0*i + 3*v - 65. What is the greatest common divisor of 136 and i?
34
Let c(d) = -d**3 + 4*d**2 + 3. Let m be c(4). Let p = 76 + -54. Suppose -5*t + p - 7 = 0. What is the highest common factor of t and m?
3
Let c = -9 - -39. Calculate the highest common divisor of c and 6.
6
Let o(q) = q**2 - 5*q + 1. Let w be o(5). Let t(u) = u**2 + 1. Let c be t(w). Calculate the greatest common factor of c and 18.
2
Let y = -9 + 17. Suppose -5*b - 3*v + 412 = 0, 2*b + 3*v = -b + 252. Calculate the highest common divisor of y and b.
8
Let d be 12/(8/2) + 7. What is the greatest common divisor of d and 20?
10
Suppose 0 = 7*b - 2*b - 25. Calculate the greatest common divisor of 2 and b.
1
Suppose 0 = -0*q - 2*q. Suppose q = 3*l + 2*u + 3*u - 27, -2*l + u + 18 = 0. What is the highest common factor of l and 72?
9
Let n(t) = 3*t**2 - 3*t + 3. Let m be n(2). Let z = m + -4. Let y(c) = c**2 - 10*c + 5. Let k be y(10). Calculate the highest common divisor of z and k.
5
Let n(p) = 17*p + 35. Let c be n(13). Calculate the greatest common divisor of c and 32.
32
Let k be (-3)/(-5) + 3123/45. Calculate the greatest common divisor of 28 and k.
14
Let w(z) = 16*z**3 + z - 1. Let g be w(1). Let n = g + -7. Let l = 15 + -6. What is the greatest common divisor of n and l?
9
Suppose -20 - 56 = -4*z. Calculate the greatest common divisor of 38 and z.
19
Suppose 3*w - 16 = -3*t + 2*w, 2*t + w = 11. Calculate the highest common factor of 5 and t.
5
Let i = 10 - 6. Suppose 2*d = -3*z - 2*z + 44, -i = -z. What is the highest common divisor of d and 12?
12
Let i = 57 - 30. What is the highest common factor of i and 189?
27
Let i(g) = 58*g**2 - 3*g + 2. Let q be i(1). Suppose 5*u - q = 203. Calculate the greatest common divisor of u and 13.
13
Let l(s) = s**2 - 4*s - 6. Let d be l(-6). Let k(h) = -h**2 - 11*h + 86. Let q be k(-16). Calculate the greatest common divisor of q and d.
6
Suppose -4*f = -b + f + 30, -5*b - 4*f = -237. Suppose 2*q = 7*q - b. Suppose -5*i + q = -1. Calculate the highest common divisor of 10 and i.
2
Suppose 2*f = -2*f + 120. Suppose -s + 3*s = 0. Suppose 0 = b - 3*m - 60, s*b + m - 155 = -2*b. Calculate the greatest common factor of b and f.
15
Suppose 6*r - 2*r + q = 61, 3*q + 42 = 3*r. Let o = 15 - 64. Let n = o + 214. Calculate the greatest common factor of n and r.
15
Let p = 186 + -7. Suppose -3*d = -p + 32. Calculate the greatest common factor of 7 and d.
7
Let z = -3 - -1. Let y be z - -3 - (-92)/4. Calculate the highest common divisor of y and 6.
6
Let u = 21 + -17. Suppose -34 + u = -3*w. Let j = 63 + 17. Calculate the greatest common factor of w and j.
10
Let v be (-8)/(-3 - (-20)/8). Calculate the greatest common divisor of 64 and v.
16
Suppose 4*b = -4*p + 2*p - 6, 0 = b + p + 4. What is the highest common factor of 31 and b?
1
Let p(g) = -3*g**2 + 3*g + 2. Let v be p(3). Let b be ((-8)/(-5))/(v/(-120)). What is the greatest common factor of 2 and b?
2
Suppose 0*j = -j + 65. Suppose 0 = -0*o + o - 26. Calculate the greatest common factor of o and j.
13
Suppose q + 3*q = 384. Calculate the greatest common factor of q and 12.
12
Let b(m) = -m**2 + 4*m + 5. Let i be b(5). Let s = 9 + i. Suppose 2*y = 2*l + 164, -4*l + 446 = 5*y + 45. What is the highest common divisor of s and y?
9
Let i = 128 + -111. Calculate the gr